{"id":45,"date":"2016-10-13T09:59:02","date_gmt":"2016-10-13T06:59:02","guid":{"rendered":"http:\/\/perhonjokilaaksonsukututkimus.fi\/?page_id=45"},"modified":"2024-12-15T10:50:27","modified_gmt":"2024-12-15T08:50:27","slug":"toiminta","status":"publish","type":"page","link":"https:\/\/perhonjokilaaksonsukututkimus.fi\/?page_id=45","title":{"rendered":"Toiminta"},"content":{"rendered":"<h4><b>PERHONJOKILAAKSON SUKUTUTKIMUSYHDISTYS<\/b><\/h4>\n<p>perustettiin kev\u00e4\u00e4ll\u00e4 1988. Yhdistyksen\u00a0kotipaikkana on Vetelin kunta ja toimialueena Perhonjokilaakson kunnat Halsua, Kaustinen, Perho ja Veteli. Toimitilat ja arkisto sijaitsevat <a href=\"https:\/\/perhonjokilaaksonsukututkimus.fi\/?page_id=35\">Syytinkikamarilla<\/a> Veteliss\u00e4, koulukeskuksen Suojala-rakennuksen 1.kerroksessa, Koulukuja 1, 69700 Veteli.<\/p>\n<p>Yhdistyksen tarkoituksena on sukututkimuksen ja muun perinnekulttuurin edist\u00e4minen. Parempien tutkimusmahdollisuuksien luomiseksi yhdistys hankkii sukututkimusta koskevaa sek\u00e4 muuta perinnemateriaalia, j\u00e4rjest\u00e4\u00e4 esitelm\u00e4tilaisuuksia ja harrastaa julkaisutoimintaa.<\/p>\n<p><img loading=\"lazy\" decoding=\"async\" class=\"alignleft size-full wp-image-47\" src=\"https:\/\/perhonjokilaaksonsukututkimus.fi\/wp-content\/uploads\/2016\/10\/viiri1.jpg\" alt=\"viiri1\" width=\"167\" height=\"244\" \/>Yhdistyksell\u00e4 on oma viiri. Sinivalkoisella pohjalla keltainen sukupuu. Puu l\u00e4htee nelj\u00e4st\u00e4 juuresta, mik\u00e4 kuvastaa alueen seurakuntia. Puun haarat ja oksat menev\u00e4t ristiin kuten suvutkin.<\/p>\n<p>Yhdistyksell\u00e4 on n. 50 aktiivista j\u00e4sent\u00e4. J\u00e4senkirje l\u00e4hetet\u00e4\u00e4n noin 100 osoitteeseen. L\u00e4hes puolet j\u00e4senist\u00e4 asuu alueen ulkopuolella.<\/p>\n<ul>\n<li><a href=\"https:\/\/perhonjokilaaksonsukututkimus.fi\/?page_id=57\">Yhteystiedot<\/a><\/li>\n<\/ul>\n","protected":false},"excerpt":{"rendered":"<p>PERHONJOKILAAKSON SUKUTUTKIMUSYHDISTYS perustettiin kev\u00e4\u00e4ll\u00e4 1988. Yhdistyksen\u00a0kotipaikkana on Vetelin kunta ja toimialueena Perhonjokilaakson kunnat Halsua, Kaustinen, Perho ja Veteli. Toimitilat ja arkisto sijaitsevat Syytinkikamarilla Veteliss\u00e4, koulukeskuksen Suojala-rakennuksen 1.kerroksessa, Koulukuja 1, 69700 Veteli. Yhdistyksen tarkoituksena on sukututkimuksen ja muun perinnekulttuurin edist\u00e4minen. Parempien tutkimusmahdollisuuksien luomiseksi yhdistys hankkii sukututkimusta koskevaa sek\u00e4 muuta perinnemateriaalia, j\u00e4rjest\u00e4\u00e4 esitelm\u00e4tilaisuuksia ja harrastaa julkaisutoimintaa. Yhdistyksell\u00e4 &hellip; <a href=\"https:\/\/perhonjokilaaksonsukututkimus.fi\/?page_id=45\" class=\"more-link\">Jatka lukemista<span class=\"screen-reader-text\"> &#8220;Toiminta&#8221;<\/span><\/a><\/p>\n","protected":false},"author":1,"featured_media":0,"parent":0,"menu_order":0,"comment_status":"closed","ping_status":"closed","template":"","meta":{"footnotes":""},"class_list":["post-45","page","type-page","status-publish","hentry"],"_links":{"self":[{"href":"https:\/\/perhonjokilaaksonsukututkimus.fi\/index.php?rest_route=\/wp\/v2\/pages\/45","targetHints":{"allow":["GET"]}}],"collection":[{"href":"https:\/\/perhonjokilaaksonsukututkimus.fi\/index.php?rest_route=\/wp\/v2\/pages"}],"about":[{"href":"https:\/\/perhonjokilaaksonsukututkimus.fi\/index.php?rest_route=\/wp\/v2\/types\/page"}],"author":[{"embeddable":true,"href":"https:\/\/perhonjokilaaksonsukututkimus.fi\/index.php?rest_route=\/wp\/v2\/users\/1"}],"replies":[{"embeddable":true,"href":"https:\/\/perhonjokilaaksonsukututkimus.fi\/index.php?rest_route=%2Fwp%2Fv2%2Fcomments&post=45"}],"version-history":[{"count":17,"href":"https:\/\/perhonjokilaaksonsukututkimus.fi\/index.php?rest_route=\/wp\/v2\/pages\/45\/revisions"}],"predecessor-version":[{"id":1075,"href":"https:\/\/perhonjokilaaksonsukututkimus.fi\/index.php?rest_route=\/wp\/v2\/pages\/45\/revisions\/1075"}],"wp:attachment":[{"href":"https:\/\/perhonjokilaaksonsukututkimus.fi\/index.php?rest_route=%2Fwp%2Fv2%2Fmedia&parent=45"}],"curies":[{"name":"wp","href":"https:\/\/api.w.org\/{rel}","templated":true}]}}