{"id":864,"date":"2022-12-07T05:43:32","date_gmt":"2022-12-07T03:43:32","guid":{"rendered":"https:\/\/perhonjokilaaksonsukututkimus.fi\/?page_id=864"},"modified":"2023-10-24T15:47:38","modified_gmt":"2023-10-24T12:47:38","slug":"wanhat-aanitteet","status":"publish","type":"page","link":"https:\/\/perhonjokilaaksonsukututkimus.fi\/?page_id=864","title":{"rendered":"Wanhat \u00e4\u00e4nitteet"},"content":{"rendered":"\n<ul class=\"wp-block-list\">\n<li><a href=\"https:\/\/drive.google.com\/file\/d\/1fybrObkvARi98VSV9jP7XeMFL7AugNCW\/view?usp=sharing\" target=\"_blank\" rel=\"noreferrer noopener\">Aho Vilho ja Onerva (51:45)<\/a><\/li>\n\n\n\n<li><a href=\"https:\/\/drive.google.com\/file\/d\/1xgqhFasGAy2IAv3TmmYjyUaVP5dWjlKI\/view?usp=sharing\" target=\"_blank\" rel=\"noreferrer noopener\">Ahtoniemi Antti, Savola Tapio &#8211; lentokoneita rakentamassa (46:19)<\/a> &#8211; 1930-luvun lopulla suuri joukko vetell\u00e4isi\u00e4 l\u00e4hti Kuoreveden Halliin rakentamaan lentokoneteollisuuskeskusta, osa perheist\u00e4 j\u00e4i sinne pysyv\u00e4sti. Haastateltavat muistelevat lentokoneiden, kyl\u00e4n ja kent\u00e4n rakentamista, el\u00e4m\u00e4\u00e4 kyl\u00e4yhteis\u00f6ss\u00e4. Haastattelu Marjatta Pulkkinen 11.5.1988.<\/li>\n\n\n\n<li><a href=\"https:\/\/drive.google.com\/file\/d\/1xEcDG0PakyoJhG2IgfSfBcPZXAxxIx6t\/view?usp=sharing\" target=\"_blank\" rel=\"noreferrer noopener\">Briita Matintytt\u00e4ren laulu (45:08)<\/a> &#8211; Pohjalainen lauantairadio vuodelta 1984, Marjatta Pulkkisen haastattelu,  toimittajana Ritva Karhula. Aiheena Brita Matintytt\u00e4ren laulut, julkaistu antologiassa: \u201dHiidenkirnun pohjalla: runoja ja proosaa Keski-Pohjanmaalta. Pr\u00e4ntt\u00e4rit, 1984\u201d<\/li>\n\n\n\n<li><a href=\"https:\/\/youtu.be\/ENQa1bloUhI\" target=\"_blank\" rel=\"noreferrer noopener\">Haglund Jenny &#8211; p\u00e4iv\u00e4kirja, osa 1 (1:08:46)<\/a> &#8211; Jenny Kristiina Patanan (ent. Tunkkari, os. Haglund, s.20.8.1891 Veteli, vanhemmat kauppias Juho Haglund ja Eeva Kristiina os. Itkonen) p\u00e4iv\u00e4kirjat 1909 -. Lukijana Marjatta Pulkkinen kev\u00e4\u00e4ll\u00e4 1988.<\/li>\n\n\n\n<li><a href=\"https:\/\/drive.google.com\/file\/d\/1WZb93ExLRzLMSo9aqQ7cOhZb886sfFlI\/view?usp=drive_link\" target=\"_blank\" rel=\"noreferrer noopener\">Haglund Jenny &#8211; p\u00e4iv\u00e4kirja, osa 2 (38:34)<\/a> &#8211; Jenny Kristiina Patanan (ent. Tunkkari, os. Haglund, s.20.8.1891 Veteli, vanhemmat kauppias Juho Haglund ja Eeva Kristiina os. Itkonen) p\u00e4iv\u00e4kirjat 1909 -. Lukijana Marjatta Pulkkinen kev\u00e4\u00e4ll\u00e4 1988.<\/li>\n\n\n\n<li><a href=\"https:\/\/drive.google.com\/file\/d\/1unNz-PLxjgQQjk2jLl9crgFRZQdjQNkW\/view?usp=drive_link\" target=\"_blank\" rel=\"noreferrer noopener\">Luoma Matti ja Tyyne (2:15:38)<\/a><\/li>\n\n\n\n<li><a href=\"https:\/\/drive.google.com\/file\/d\/1CcMXf98E6PxiK-0SM7HCmXcCN7JE8_TZ\/view?usp=drive_link\" target=\"_blank\" rel=\"noreferrer noopener\">Rantala Oiva, osa 1\u00a0 (1:05:49)<\/a><\/li>\n\n\n\n<li><a href=\"https:\/\/drive.google.com\/file\/d\/1Hh5wQ1QNcGCAqYlfK3FSlbvuf60PRGp0\/view?usp=drive_link\" target=\"_blank\" rel=\"noreferrer noopener\">Rantala Oiva, osa 2\u00a0 (45:37)<\/a><\/li>\n\n\n\n<li><a href=\"https:\/\/drive.google.com\/file\/d\/1qIR0CbgVZZkhfW9G9Zop0TWb0QEwpd-V\/view?usp=drive_link\" target=\"_blank\" rel=\"noreferrer noopener\">Koittola Lauri (27:34)<\/a><\/li>\n\n\n\n<li><a href=\"https:\/\/drive.google.com\/file\/d\/10g5rdZ_azUWcXsX7aDrdHeSQu6BYavWW\/view?usp=drive_link\" target=\"_blank\" rel=\"noreferrer noopener\">Lasivaunut runomatinea (41:39)<\/a><\/li>\n\n\n\n<li><a href=\"https:\/\/drive.google.com\/file\/d\/1B86zHkI0zmQ3S2mUilxscBw2CkZ3kZOu\/view?usp=drive_link\" target=\"_blank\" rel=\"noreferrer noopener\">Lassila Kauko (49:13)<\/a><\/li>\n\n\n\n<li><a href=\"https:\/\/drive.google.com\/file\/d\/1U7X8JQ5up278A01vHN8Iwr4_okL-F-nw\/view?usp=drive_link\" target=\"_blank\" rel=\"noreferrer noopener\">L\u00e4sp\u00e4 Veikko ja Aino (1:01:18)<\/a><\/li>\n\n\n\n<li><a href=\"https:\/\/drive.google.com\/file\/d\/12hWpxL2tYaqRhJsjUiLbHp1XGpBUY1bz\/view?usp=drive_link\" target=\"_blank\" rel=\"noreferrer noopener\">L\u00e4sp\u00e4 V\u00e4in\u00f6 &#8211; Kanadan reissu (6:29)<\/a><\/li>\n\n\n\n<li><a href=\"https:\/\/drive.google.com\/file\/d\/1no9scPALoN-dgQqxgbc-TjqBOtXgswAB\/view?usp=drive_link\" target=\"_blank\" rel=\"noreferrer noopener\">Palola Aune, osa 1 (1:05:07)<\/a><\/li>\n\n\n\n<li><a href=\"https:\/\/drive.google.com\/file\/d\/1-5QEK50skqmerSrqi5d8ki--19feI8Jl\/view?usp=drive_link\" target=\"_blank\" rel=\"noreferrer noopener\">Palola Aune, osa 2\u00a0 (29:49)<\/a><\/li>\n\n\n\n<li><a href=\"https:\/\/drive.google.com\/file\/d\/1AP2AVUZznTGnxl-QwpAPMV2ku7-5I-rK\/view?usp=drive_link\" target=\"_blank\" rel=\"noreferrer noopener\">Palola Eero ja Irja, osa 1 (1:46:55)<\/a><\/li>\n\n\n\n<li><a href=\"https:\/\/drive.google.com\/file\/d\/1wgGeE6UoEmTvJ3DHKv5rwzKgger8SOR9\/view?usp=drive_link\" target=\"_blank\" rel=\"noreferrer noopener\">Palola Eero ja Irja, osa 2 (44:55)<\/a><\/li>\n\n\n\n<li><a href=\"https:\/\/drive.google.com\/file\/d\/1nuPN8ATHM3tSVI8hwUaKba7XqOsmrCnb\/view?usp=drive_link\" target=\"_blank\" rel=\"noreferrer noopener\">Penttil\u00e4 Reino &#8211; kuulumisia Amerikasta (22:3<\/a><a href=\"https:\/\/youtu.be\/BLCU6zqUrW8https:\/\/youtu.be\/bAz3XvfZp3k\">6<\/a><a href=\"https:\/\/youtu.be\/bAz3XvfZp3k\">)<\/a> &#8211; El\u00e4kkeell\u00e4 oleva opettaja, amerikansuomalainen Rein0 Penttil\u00e4 (Brigham City, Utah) menetti Scofieldin kaivosonnettomuudessa 1.5.1900 kaksi set\u00e4\u00e4ns\u00e4. Vuonna 1988 h\u00e4n muistelee l\u00e4hett\u00e4m\u00e4ll\u00e4\u00e4n kasetilla onnettomuutta, luettelee onnettomuudessa kuolleita suomalaisia, kertoo lyhyesti my\u00f6s is\u00e4ns\u00e4 ja veljiens\u00e4 kohtaloista Amerikassa.<\/li>\n\n\n\n<li><a href=\"https:\/\/drive.google.com\/file\/d\/14rbN_iMXJ3rNdARqDSqZHIp5mDa1Pqg-\/view?usp=drive_link\" target=\"_blank\" rel=\"noreferrer noopener\">Pihlajamaa Veikko (24:37)<\/a><\/li>\n\n\n\n<li><a href=\"https:\/\/drive.google.com\/file\/d\/1akoMWzJtbb5y6qaFfcs8Z4GswnQIowm4\/view?usp=drive_link\" target=\"_blank\" rel=\"noreferrer noopener\">Pulkkinen Erkki, osa 1 (1:05:26<\/a><a href=\"https:\/\/youtu.be\/uk2pxcD7dlM\">)<\/a><\/li>\n\n\n\n<li><a href=\"https:\/\/drive.google.com\/file\/d\/1tHeguhzePlb8ppiAJPD1tEwMmVErVn0i\/view?usp=drive_link\" target=\"_blank\" rel=\"noreferrer noopener\">Pulkkinen Erkki, osa 2 (1:04:10)<\/a><\/li>\n\n\n\n<li><a href=\"https:\/\/drive.google.com\/file\/d\/1EmnPSa979VeDK1OuRNp9sxmRTHm-J1if\/view?usp=drive_link\" target=\"_blank\" rel=\"noreferrer noopener\">Pulkkinen Erkki, osa 3 (31:04)<\/a><\/li>\n\n\n\n<li><a href=\"https:\/\/drive.google.com\/file\/d\/1jIaviRIunI-W-gGxjurToahJt7PCMfXV\/view?usp=drive_link\" target=\"_blank\" rel=\"noreferrer noopener\">Pulkkinen Marjatta &#8211; muistiinpanoja 1987-1991 (36:35)<\/a><\/li>\n\n\n\n<li><a href=\"https:\/\/drive.google.com\/file\/d\/1Q4GsU72bM9aSBUjcrMctp8oLd_Szf1_M\/view?usp=drive_link\" target=\"_blank\" rel=\"noreferrer noopener\">Tunkkarin vanhoja perint\u00f6asiakirjoja (49:13)<\/a><\/li>\n\n\n\n<li><a href=\"https:\/\/drive.google.com\/file\/d\/1HFwejxrGvkUBDXyEhGv05hPA-NoxXkZT\/view?usp=drive_link\" target=\"_blank\" rel=\"noreferrer noopener\">Viisteensaari Eeti (1:05:23)<\/a><\/li>\n\n\n\n<li><a href=\"https:\/\/drive.google.com\/file\/d\/1_MHYOjGEHtCCcbLsj5QyIn6fmPS1fKCX\/view?usp=drive_link\" target=\"_blank\" rel=\"noreferrer noopener\">\u00c4mm\u00e4nkoski Paavo -sotakokemuksia (1:00:20)<\/a><\/li>\n<\/ul>\n","protected":false},"excerpt":{"rendered":"","protected":false},"author":1,"featured_media":0,"parent":0,"menu_order":0,"comment_status":"closed","ping_status":"closed","template":"","meta":{"footnotes":""},"class_list":["post-864","page","type-page","status-publish","hentry"],"_links":{"self":[{"href":"https:\/\/perhonjokilaaksonsukututkimus.fi\/index.php?rest_route=\/wp\/v2\/pages\/864","targetHints":{"allow":["GET"]}}],"collection":[{"href":"https:\/\/perhonjokilaaksonsukututkimus.fi\/index.php?rest_route=\/wp\/v2\/pages"}],"about":[{"href":"https:\/\/perhonjokilaaksonsukututkimus.fi\/index.php?rest_route=\/wp\/v2\/types\/page"}],"author":[{"embeddable":true,"href":"https:\/\/perhonjokilaaksonsukututkimus.fi\/index.php?rest_route=\/wp\/v2\/users\/1"}],"replies":[{"embeddable":true,"href":"https:\/\/perhonjokilaaksonsukututkimus.fi\/index.php?rest_route=%2Fwp%2Fv2%2Fcomments&post=864"}],"version-history":[{"count":23,"href":"https:\/\/perhonjokilaaksonsukututkimus.fi\/index.php?rest_route=\/wp\/v2\/pages\/864\/revisions"}],"predecessor-version":[{"id":1035,"href":"https:\/\/perhonjokilaaksonsukututkimus.fi\/index.php?rest_route=\/wp\/v2\/pages\/864\/revisions\/1035"}],"wp:attachment":[{"href":"https:\/\/perhonjokilaaksonsukututkimus.fi\/index.php?rest_route=%2Fwp%2Fv2%2Fmedia&parent=864"}],"curies":[{"name":"wp","href":"https:\/\/api.w.org\/{rel}","templated":true}]}}